ate the greatest common divisor of f and h.
18
Let r(f) = 127 + 102 + 12*f + 0*f**3 - f**3 - 260 - 36*f + 15*f**2. Let o be r(11). What is the greatest common divisor of 81 and o?
27
Let t(x) = -3*x**3 + 173*x**2 + 57*x + 70. Let v be t(58). Calculate the greatest common factor of v and 106.
2
Let v = -43 - -448. Let g = v - 192. Calculate the greatest common factor of 3 and g.
3
Suppose 32*n - 7739 + 2855 = 13068. Calculate the greatest common divisor of n and 2211.
33
Let g = 812 - 665. Let u(a) = a**2 - 2*a - 3. Let i be u(4). Suppose -i*r = -402 + g. Calculate the greatest common factor of r and 17.
17
Let m(d) = -2*d**2 - 16*d + 4. Let y be m(-2). Calculate the greatest common divisor of 371 and y.
7
Suppose 6*v = v - 11*v. Let p(q) = q**3 + 4*q**2 + 22. Let n be p(v). Calculate the greatest common factor of 1408 and n.
22
Let j(m) = -16*m + 699. Let o be j(-4). What is the highest common divisor of 7 and o?
7
Let a be ((-6)/4)/(6/(-36)). Let v = 1150 + -1141. What is the greatest common divisor of v and a?
9
Suppose -2*q + 114 = 4*d, 0*d = -3*d + 3*q + 99. Let o(w) = w**3 - 20*w**2 + 8*w - 25. Let j be o(20). Calculate the greatest common factor of d and j.
15
Let z(h) = -h**2 - 117*h + 3252. Let k be z(-133). Calculate the highest common factor of k and 3091.
281
Let c = 706 - 5. Let z = 763 - c. What is the greatest common divisor of 62 and z?
62
Suppose -5 = -a - k, a + 3*k - 3 = -0. Suppose 4 - 46 = -a*w. Let v be (-112)/3*(-18)/w. What is the highest common factor of 24 and v?
24
Suppose -s + 2*m = -899, 0 = 4*s - m - m - 3596. Suppose 158*t + 301*t - 65*t - 11426 = 0. What is the highest common factor of s and t?
29
Suppose 0 = u - 4*a - 23, -3*u + 8*u - 3*a - 47 = 0. Suppose u*l = l + 180. What is the highest common factor of 12 and l?
6
Let f be (-279)/12*(-8)/3. Let d = 287 + -189. Let o = d - f. What is the greatest common factor of 4 and o?
4
Suppose -2*a = -10*j + 14*j - 16, 0 = 2*a. Suppose 5*m = -3*h + 288, -j*h + 7*h - 168 = -3*m. What is the highest common divisor of m and 420?
60
Let l(m) = 5*m**2 - 27*m - 98. Let c be l(38). What is the highest common factor of c and 48?
48
Let n(l) = 2*l**2 - 21*l - 51. Let i be n(22). Let s = i - 270. Calculate the greatest common divisor of s and 5.
5
Let a be 0 + -1 + (13 - 6). Suppose -2*n - 460 = -4*z, -2*n = 3*z - a*z + 345. Calculate the greatest common factor of z and 92.
23
Let k = -91 - -96. Suppose 5*m - 1001 = -2*c, 0 = k*c - 9*c + 4*m + 1960. What is the highest common factor of c and 17?
17
Suppose -11*j + 61*j - 6042 = -56*j. What is the greatest common factor of j and 1957?
19
Suppose 5*j + 10 = 0, 5*m - 63 = -4*j + 8*j. What is the greatest common divisor of 891 and m?
11
Let n be (-88)/(-20) - 2/5. Suppose -f = f - n. Let y = -48302 + 48306. Calculate the greatest common divisor of f and y.
2
Let b = 1 + 18. Suppose -4*h + 51 = 2*o + b, 0 = 3*o - 3*h - 30. Let a = o + -6. Calculate the highest common factor of a and 60.
6
Let o = 1292 - 759. What is the highest common factor of 287 and o?
41
Suppose 39*y = 16020 - 849. Suppose 5*o - 1055 = -4*p, -2*o - 11*p + y = -16*p. What is the highest common factor of 36 and o?
9
Suppose -l = -0*g + 3*g + 12, -3*g - 12 = 2*l. Let z be (-28)/(-6) - 0 - 6/9. Suppose -z*i + 3*i + 2 = l. What is the highest common divisor of 1 and i?
1
Suppose -23*h + 1255 = -70 - 515. What is the greatest common divisor of h and 3008?
16
Suppose -70*f + 242 = -71*f. Let x = 450 + f. What is the highest common divisor of 130 and x?
26
Let q = -124 - -88. Let t = -24 - q. Let f be ((-29)/87)/((-2)/18 + 0). What is the highest common factor of f and t?
3
Let q(c) = -2*c**3 + 18*c**2 + 12*c + 2. Suppose 371 = 10*u - 119. Let v = u - 40. Let h be q(v). Calculate the highest common factor of h and 10.
10
Suppose 0 = -32*i - 17*i + 65709. What is the greatest common factor of i and 9?
9
Suppose 12*h = -11 + 71. Suppose -h*g + 57 = -83. Let q(i) = -i**3 - 5*i**2 + 10*i. Let t be q(-7). What is the greatest common divisor of t and g?
28
Let z = -2 + 4. Suppose -3*u - 2*y = -66, z*u - 33 = -0*u - 5*y. Suppose -102*r + 7380 = 103*r. Calculate the greatest common factor of r and u.
12
Suppose -7*f - 34*f = 14*f - 11440. What is the highest common divisor of 4888 and f?
104
Let q be 4/(-6) + 8762/39. Let a = 261 + q. Let f = a + -276. Calculate the greatest common factor of f and 19.
19
Suppose 48*v - 61399 = 175145. Let a be v/99 - (-2)/9. Calculate the highest common divisor of 700 and a.
50
Suppose 3*z - 500 = -5*o, 313 + 21 = 2*z + 4*o. Suppose -4*n + 80 = 5*u, -5*u + z = -4*n + 45. Calculate the highest common divisor of u and 30.
10
Let z = 40402 + -40332. Calculate the highest common factor of 7896 and z.
14
Suppose -2*q - 4*v - 262 = 0, 4*q - 5*q - 146 = -3*v. Let d = -77 - q. Suppose 0 = -8*f + 3*f + 225. What is the greatest common factor of d and f?
15
Suppose 9*m = 897 - 3291. Let s = m - -331. Calculate the highest common factor of s and 52.
13
Let q = 93 - 81. Let t(s) = -q + 11*s - 36*s + s**2 + 8*s + 14*s. Let r be t(-4). What is the highest common divisor of 64 and r?
16
Suppose -17*s + 47*s - 1376 = 244. Calculate the greatest common factor of 6021 and s.
27
Let b be 565*((-96)/40)/4. Let h = -315 - b. Calculate the greatest common divisor of h and 40.
8
Suppose 9*k - 4*k = 20. Suppose -k*a + 32 = -o, -3*o - 1 = -a - 4. What is the highest common factor of a and 81?
9
Let v be 52/((451/(-440))/(-41)). Calculate the highest common divisor of 10 and v.
10
Let m be -1 + -14 + 23 + (4768 - -3). Calculate the greatest common divisor of m and 243.
81
Suppose -15*a - 441 = -78*a. Calculate the highest common divisor of a and 791.
7
Let s = 12933 - 12565. What is the highest common factor of s and 828?
92
Suppose 0 = -106*c - 1123 + 12253. What is the greatest common factor of 21 and c?
21
Let j(s) = 2*s**2 + 7. Suppose h - w = -9 + 8, -4 = -2*h - 4*w. Let m be j(h). Calculate the highest common factor of 329 and m.
7
Suppose -3*l + 88 = l. Let s = 585 + -340. Suppose -10*z = s - 1345. What is the greatest common divisor of l and z?
22
Let t(w) = -2*w**2 + 72*w - 37. Let j be t(35). Suppose -j*x = -32*x - 420. What is the greatest common factor of x and 126?
42
Let w = 31 + -21. Let m = 535 + -945. Let b = 520 + m. What is the highest common divisor of w and b?
10
Let x(w) = -w**2 - 131*w - 846. Let r be x(-117). Calculate the highest common factor of 616 and r.
88
Let k be (-94)/(-4)*(-2)/(-1). Let x = -25 + k. Suppose 15*t - 3*h + 474 = 18*t, -t - 4*h = -170. What is the greatest common divisor of t and x?
22
Let p(v) = 151*v**2 - v. Let b be p(-1). Let r be 180*20/80 + -21. What is the highest common divisor of r and b?
8
Let d = -335 - -759. Let u(v) = 3*v**2 - 8*v - 62. Let o be u(-10). What is the highest common divisor of d and o?
106
Suppose -4*p = -5*r - 272, 228 = -3*p + 4*r + 433. Suppose 1564 = 3*s + 619. What is the greatest common divisor of s and p?
63
Let x(s) = -2*s**3 + 127*s**2 - 60*s - 90. Let g be x(63). What is the highest common factor of 275 and g?
11
Let i(n) = -5*n**3 - 6*n**2 - 6*n - 3. Let s be i(-3). Let g be 68/6 + 8/12*1. Calculate the greatest common divisor of s and g.
12
Suppose -18*b + 8 = -46. Suppose -x = 5*y - b*x - 570, 4*y = x + 456. Let q = 166 - y. What is the highest common divisor of q and 13?
13
Let t(h) = -50*h + 316. Let n be t(-14). What is the highest common factor of n and 8?
8
Let k be (-140)/(-350) - 43/(-5). Suppose 0 = -k*z + 12*z - 39. Calculate the greatest common divisor of 559 and z.
13
Suppose -g + 406 = 5*c - 8, -c = -g - 84. Let s = c + -79. Let b(n) = 2*n**2 - n + 9. Let t be b(s). What is the highest common divisor of 148 and t?
37
Let x(k) = -19*k**2 - k + 185. Let a be x(0). Calculate the highest common divisor of 17945 and a.
185
Let v be (8 + -15 + 5)/(1/(-266)). Suppose -6*a - 13*a + v = 0. Calculate the greatest common divisor of 7 and a.
7
Suppose -242 = -s - y, s + 963 = 5*s + 5*y. Calculate the highest common factor of 133 and s.
19
Let h be ((-4418)/(-10))/((-50)/(-4 - 246)). What is the highest common factor of h and 423?
47
Let r(d) = 92 - 11*d**2 - 7*d**2 + 18*d + 19*d**2. Let j be r(-16). What is the greatest common factor of 132 and j?
12
Let g(f) = 270*f**3 + f**2 - 13*